f p?
2, 3, 41
Let p be (2/(16/12))/((-3)/(-11576)). Suppose -p + 1175 = -7*r. Suppose 0*l = 4*l - 5*a - r, 2*l = 2*a + 332. What are the prime factors of l?
3, 19
Let r be (3 + 1)/((-2984)/596 - -5). Let a = -41 - r. What are the prime factors of a?
3, 5, 37
What are the prime factors of (-12585)/(-24) - (-5)/120*-9?
2, 131
Let w = -66681 - -118918. List the prime factors of w.
52237
Let v(l) = -7*l + 5. Let f be v(-1). Suppose -21 - 39 = -f*o. Suppose 398 = 4*a - 2*k + 60, 0 = -o*k - 25. What are the prime factors of a?
2, 41
Let z(m) = m**2 - 13*m - 1. Let p be z(11). Let w = 469 - 421. Let f = w + p. What are the prime factors of f?
5
Let a(i) = -i**2 + 3*i + 3. Let y be a(3). Suppose y*o + 4*n - 338 = 2*o, -3*n + 1724 = 5*o. List the prime factors of o.
2, 173
Let z(n) be the third derivative of 1/4*n**4 + 0 + 15*n**2 + 0*n - 2/3*n**3 + 2/15*n**5. List the prime factors of z(3).
2, 43
Let h = 447 - -1570. Let y = h - 161. List the prime factors of y.
2, 29
Suppose 383*z = 151*z + 2511400. What are the prime factors of z?
5, 433
What are the prime factors of (42 + 3 + 4/6)*(-116 - -452)?
2, 7, 137
Suppose 3*n - 26 = -8. Suppose -5*h = c + 7, c - n*h - 2 = -2*h. What are the prime factors of -1 - (-4 - (c - -36))?
37
What are the prime factors of (-333438)/(-33) + 8/132*-3?
2, 3, 421
Suppose -95*w + 10*w + 3066910 = 69*w. List the prime factors of w.
5, 7, 569
Let s = 1706 + -1787. Suppose -3*d - 268 = 3*z + 83, -5*z = 15. Let m = s - d. What are the prime factors of m?
3, 11
Let l(s) = -40*s - 39. Let c be (-4 - (-27)/6) + (-37)/(-2). Suppose -c - 41 = 12*y. List the prime factors of l(y).
7, 23
Let d(n) = -2*n**2 + 10*n + 80. Let v be d(19). List the prime factors of 4*v/(-4) - 4.
2, 7
Let p be (-8)/28*-1 - 108/(-14). Suppose 2*n - 4*v - 130 = 0, -369 = -p*n + 3*n - v. What are the prime factors of n?
73
Suppose 4*r = w + 365, -3*r - 345 = -7*r - 3*w. Let j = 217 - r. What are the prime factors of j?
127
Suppose 0 = -5*m - 5*r + 43 + 17, -m + 12 = -r. List the prime factors of ((3498/m)/(-1))/(1/(-2)).
11, 53
What are the prime factors of (78/(-52))/((-36)/1220064)?
2, 71, 179
Suppose 2*d - 1744 = 4*f, 5*f - 7*f = 5*d - 4420. What are the prime factors of d?
2, 3, 7
Suppose 10 = -5*i - 0, 5*i - 13 = s. Suppose -4*f = 4*f - 456. Let j = f + s. What are the prime factors of j?
2, 17
List the prime factors of 60/24*(-87048)/(-65).
2, 3, 31
What are the prime factors of 4 + 13 + -4 + (51433 - -36)?
2, 25741
Let y(g) be the second derivative of -25*g**3/3 - 3*g**2 - 61*g. Suppose t = -0*t - 4. List the prime factors of y(t).
2, 97
Let i(j) = -7*j**2 + 9*j - 40. Let y be i(-5). Suppose 2*g = -9 - 21. What are the prime factors of 3/(-9) + y/g?
17
What are the prime factors of 7/7*(5 + 5674 + 3)?
2, 3, 947
Let z(a) = -198*a**3 + 23*a**2 + 83*a - 32. List the prime factors of z(-7).
2, 17107
Let v(m) = -83*m**3 + 6*m**2 - m - 3. Let u be v(-1). Suppose -445 + u = -i - 2*n, 5*i - 4*n = 1818. What are the prime factors of i?
2, 181
Suppose g = -0*g + 196. Suppose -v - 3*f + 18 = 0, -19*v + 22*v + 78 = 13*f. Suppose -39 - 169 = -d + 3*s, v = d + s - g. What are the prime factors of d?
199
Let h(f) = -30*f - 66. Let r(y) = 148*y + 330. Let q(w) = -11*h(w) - 2*r(w). List the prime factors of q(11).
2, 5, 11
Let s(x) = x**3 + 6*x**2 + x - 8. Let r be s(-5). Suppose -43*y + 37*y + r = 0. Suppose y*b = 4*q + 384, 0 = -3*q + 7*q. List the prime factors of b.
2, 3
Suppose -3*i - v - 1 = 4*v, -4*i + 20 = -4*v. Suppose -i*j - 12 = 0, -5*l + j = -7*l + 682. List the prime factors of l.
7
What are the prime factors of ((-139222)/(-6))/1 - (1712/48 + -35)?
23203
Suppose 118*l + 105096 = 4*h + 114*l, -h + 4*l = -26295. List the prime factors of h.
26267
Suppose -5*i = -9107 + 622. Suppose 5*d - i = -2*r, -3*d + 4*r + 357 = -2*d. List the prime factors of d.
11, 31
Let x(l) = -l**3 - 30*l**2 + 23*l - 254. What are the prime factors of x(-32)?
2, 23
Let o = 12229 - 10797. List the prime factors of o.
2, 179
Let x(i) = 19*i**3 - 77*i + 539. What are the prime factors of x(13)?
41281
Let z(h) = -61*h + 17. Let p be z(-2). Let n = -70 + p. Let l = -29 + n. What are the prime factors of l?
2, 5
What are the prime factors of (-17*(-9)/36)/((-1)/(-5052))?
3, 17, 421
Suppose 2*g - 21953 = z, -4*g - 173*z + 43903 = -178*z. What are the prime factors of g?
3, 3659
Let x = -10362 - -17347. List the prime factors of x.
5, 11, 127
Let d be (20/14)/((-37)/(-259)). Let a(x) = -x**3 + 13*x**2 - 27*x - 5. What are the prime factors of a(d)?
5
Suppose 0 = 3*o - 2*k - 190 - 731, 4*o - 5*k - 1235 = 0. Let f = o + -62. List the prime factors of f.
3
Let a(l) = 9*l**2 + 5*l - 5. Let s be -4 - (-1 - 3/((-3)/(-8))). Suppose -6 = s*t - 3*t. List the prime factors of a(t).
61
Let j = -3 - -6. Suppose -3*i + 0*q + 58 = 2*q, j*i - 5*q - 44 = 0. Suppose -s = -65 - i. What are the prime factors of s?
83
Suppose -2*b + 10 = 4*z, -4*b + 2 - 6 = 0. Let u(m) = 3*m + 10. Let p be u(-4). List the prime factors of z - ((-712)/12 - p/(-3)).
3, 7
Suppose -9*l - 16 = -5*l. Let m be 101 - 5*l/(-20). Let v = 0 + m. What are the prime factors of v?
2, 5
Let f(g) = 43*g**3 + 8*g**2 - 69*g + 44. What are the prime factors of f(6)?
2, 4603
Let l = 144208 + -80842. What are the prime factors of l?
2, 3, 59, 179
Let g(z) = 5*z**3 + 14*z**2 + 33*z + 36. Let m be g(-8). Let v = m + 2707. What are the prime factors of v?
5, 163
Let a(f) = 2*f**3 - 15*f**2 - 6*f - 24. Let n be a(15). Suppose 31*c = -n + 32835. List the prime factors of c.
2, 3, 53
Suppose 8*z = 4*z - 2*n + 100308, 6*n = z - 25025. What are the prime factors of z?
25073
Let h(g) = -62*g + 73. Suppose -6*y + 26*y = -240. What are the prime factors of h(y)?
19, 43
Suppose 80*z - 82*z = -572. List the prime factors of z + ((-1)/2)/((-1)/(-10)).
281
Let u(n) = -307 + 20*n + 189*n - 88 + 117 + 0*n. List the prime factors of u(6).
2, 61
Let t = -2758 + 6585. Suppose 0 = -12*q + 12731 - t. What are the prime factors of q?
2, 7, 53
Let c(l) = l**3 + 17*l**2 + 15*l + 22. Let y be c(-11). Let i = -136 + y. List the prime factors of i.
3, 149
Let s = 377 + -273. What are the prime factors of (s/572)/(1/3443)?
2, 313
Let c = 200 - 281. Suppose -4*s = -5*r + 697, 3*s + 4*r = 2*s - 148. Let q = c - s. List the prime factors of q.
3, 29
Let r be (5/(-4))/(17/(-6256)). List the prime factors of 9/42*r - (-4)/(-7).
2, 7
Suppose 36 = 4*w, 0 = -3*n + 15*w - 18*w + 26712. What are the prime factors of n?
3, 5, 593
Suppose 3*u + 2*g = -3*g - 20, -u = 5*g + 20. Suppose u*l - 2*l - 34 = 0. Let f = l + 34. List the prime factors of f.
17
Let m = 9677 + -994. List the prime factors of m.
19, 457
Let q(n) = 2*n**3 - 13*n**2 - 10*n + 15. Let u be q(7). List the prime factors of u*((2 - 2) + 1) + 620.
2, 307
Let x(i) = -i**2 - 14*i - 27. Let t be x(-11). Let j(o) = 6*o + t*o - 31 - 3*o + o. List the prime factors of j(17).
139
Suppose 5*h + 475 = -f, h - 202 = 3*h - 2*f. Let w = 306 + h. What are the prime factors of w?
2, 3, 5, 7
Suppose 6*q + 1908 = -486. What are the prime factors of 390/(-80) + 5 + q/(-8)?
2, 5
Let a be (-112)/6*-9*4/48. Suppose 2*b + 242 = -10*d + a*d, d - 4*b = 50. List the prime factors of d.
2, 31
Let t(i) = -62*i - 72. Let a(k) = 2*k - 2. Let f(h) = 2*a(h) - t(h). List the prime factors of f(15).
2, 23
Suppose -2511728 - 179168 = 4*g - 72*g. List the prime factors of g.
2, 13, 761
Let b(n) = 63*n + 57*n + 59*n + 33 - 182*n. Let w be b(12). Let h(f) = -6*f**3 - 2*f**2 + f - 3. What are the prime factors of h(w)?
2, 3, 23
Let o(n) = 21*n**2 + 9*n + 38. Let x be o(16). Suppose -x = -39*i + 1111. What are the prime factors of i?
3, 19
Suppose -22647*k + 22637*k + 106670 = 0. What are the prime factors of k?
10667
Let z = 27767 + -18608. List the prime factors of z.
3, 43, 71
Let g(p) = p**3 - p**2 - 15*p - 6. Let w be g(-3). Suppose -w*b = 4*z - z - 132, -z + 4*b + 59 = 0. List the prime factors of z.
47
Let l(y) = -849*y + 1330. List the prime factors of l(-8).
2, 31, 131
Let l = -294 + 253. Let n(y) = 2*y**3 + 82*y**2 - 10*y - 35. List the prime factors of n(l).
3, 5
Let z be 0 + -3 + 3 - 208. Let j = 893 + -540. Let x = z + j. List the prime factors of x.
5, 29
Suppose 158099 = 5*h + 3*o, 2*h + 87*o = 85*o + 63234. List the prime factors of h.
2, 